Němčany počasí: NOAA reporty

 


NOAA reporty


Report pro 2021 Zář
                   Monthly Climatological Summary for 9 2021

Name: Němčany   City: Němčany   State: Czech Repulic
Elevation: 256 m  Lat: N 49° 10' 12"   Lon: E 016° 54' 59"

                  Temperature (°C), Rain (mm), Wind Speed (m/s)

                                      Heat  Cool        Avg
    Mean                              Deg   Deg         Wind                 Dom
Day Temp  High   Time   Low    Time   Days  Days  Rain  Speed High   Time    Dir
----------------------------------------------------------------------------------
 1  16,8  22,5   16:39  11,5   23:55   2,0   1,2   0,0   2,0   9,8   09:50     Z
 2  15,7  23,5   14:24   9,1   06:41   3,3   1,5   0,0   1,0   7,3   12:18    SV
 3  16,0  25,0   16:43   8,1   06:32   3,6   2,1   0,0   1,1   6,5   11:32    JZ
 4  17,3  27,1   16:40   8,9   05:47   2,8   2,6   0,0   1,2   6,1   13:19    JZ
 5  17,1  23,2   14:55  12,2   23:43   1,9   1,5   0,0   2,9   9,0   12:35   VSV
 6  15,6  25,0   16:47   7,8   05:53   3,7   1,7   0,0   1,5   7,3   00:47    SV
 7  14,9  24,1   14:47   8,2   04:47   4,1   1,6   0,0   1,0   7,3   14:55   JJZ
 8  17,7  25,7   14:45   9,9   03:28   2,6   2,8   0,0   1,9   9,4   14:06    JV
 9  19,6  27,2   15:32  11,8   23:57   1,0   3,1   0,0   2,6   9,4   12:57    JV
10  17,3  27,5   15:36   9,2   05:50   3,3   3,1   0,0   1,4   9,0   12:44     J
11  17,7  28,1   16:25   9,4   06:28   2,9   3,2   0,0   0,7   5,8   13:12   JJZ
12  18,5  27,8   15:21  12,7   04:08   1,9   2,9   0,0   0,7   5,8   13:24    JZ
13  19,2  28,0   15:31  11,8   06:37   1,4   3,2   0,0   0,9   5,3   14:09     S
14  19,8  28,1   15:13  14,1   06:32   0,9   3,2   0,0   1,7   6,1   15:15    SV
15  20,2  28,0   14:52  13,0   06:40   0,9   3,6   0,0   1,5   6,5   08:28    SV
16  20,7  26,6   17:20  17,0   05:38   0,0   3,2   5,7   1,1   5,8   12:34    JZ
17  17,0  19,7   10:51  14,5   23:58   0,9   0,4   4,2   1,7   7,3   14:33     Z
18  14,8  17,9   13:49  12,5   22:43   2,7   0,0   0,0   1,0   5,3   12:54     Z
19  12,6  16,8   15:53   6,8   23:39   4,9   0,0   0,0   1,3   6,5   17:33   VSV
20  10,9  15,3   11:57   6,4   04:33   6,6   0,0   0,0   1,0   6,5   11:24   VSV
21  12,4  17,6   11:22   9,3   06:29   5,1   0,0   0,0   0,8   5,8   15:55    SZ
22  11,6  15,9   15:44   9,5   03:51   5,9   0,0   3,3   1,0   9,4   14:14    SZ
23  14,5  21,3   15:41   9,4   05:13   3,6   0,6   0,3   2,2   9,4   16:16    JZ
24  16,4  21,3   15:20  13,2   02:40   1,7   0,6   0,0   2,6   9,8   12:28     Z
25  18,4  25,5   15:56  13,9   07:24   1,3   2,2   0,0   1,4  10,2   15:04    JZ
26  17,8  26,3   15:23  11,3   07:02   2,0   2,3   0,0   1,5   6,1   02:14    SV
----------------------------------------------------------------------------------
    16,6  28,1    11     6,4    20    71,0  46,6  13,5   1,4  10,2    25      JZ

Max >=  27,0:  8
Max <=   0,0:  0
Min <=   0,0:  0
Min <= -18,0:  0
Max Rain: 5,7 on day 16
Days of Rain: 3 (>= 0,4 mm)  3 (>= 2,0 mm)  0 (>= 20,0 mm)
Heat Base: 17,5  Cool Base: 17,5  Method: Integration



Poslední aktualizace 27.9.2021 1:20:01

Měšíční a roční statistické protokoly ve fromátu NOAA (National Oceanic and Atmospheric Administration)
Original Author: Ken True webmaster@saratoga-weather.org.
Bodged by beteljuice.