Němčany počasí: NOAA reporty

 


NOAA reporty


Report pro 2021 Červ
                   Monthly Climatological Summary for 6 2021

Name: Němčany   City: Němčany   State: Czech Repulic
Elevation: 256 m  Lat: N 49° 10' 12"   Lon: E 016° 54' 59"

                  Temperature (°C), Rain (mm), Wind Speed (m/s)

                                      Heat  Cool        Avg
    Mean                              Deg   Deg         Wind                 Dom
Day Temp  High   Time   Low    Time   Days  Days  Rain  Speed High   Time    Dir
----------------------------------------------------------------------------------
 1  14,5  21,7   17:25   4,1   05:29   4,2   1,2   0,0   1,7   7,8   13:09   VSV
 2  17,5  24,6   16:53   7,6   05:11   2,5   2,4   0,0   1,4   5,3   16:56   VSV
 3  17,5  25,5   16:06   8,3   05:06   2,8   2,8   0,0   1,2   5,3   16:16    SV
 4  19,2  28,3   17:08   9,5   05:39   2,3   4,1   0,0   1,0   4,4   09:05     J
 5  19,7  27,9   17:20  11,1   02:55   1,5   3,7   0,0   1,0   4,9   13:20   VJV
 6  21,0  27,0   16:02  14,7   04:47   0,4   3,9   0,0   2,2   7,3   11:07    SV
 7  20,3  27,6   14:42  11,1   05:02   1,5   4,4   0,0   1,6   8,2   12:08    SV
 8  20,0  27,4   14:12  10,4   04:24   1,7   4,2   0,0   0,8   7,8   14:31    SV
 9  20,8  28,0   14:02  11,9   05:42   0,9   4,2   0,0   1,2   6,5   11:20    SV
10  18,7  27,4   15:21   9,5   04:58   2,0   3,2   0,0   1,2  11,0   16:24   VSV
11  17,3  25,7   11:37  10,3   05:05   1,9   1,7   3,9   0,9   6,5   18:06   ZJZ
12  19,5  26,0   15:10  13,7   00:17   0,9   3,0   3,0   1,2  13,1   15:51   JJZ
13  16,0  19,7   15:11  11,2   05:06   1,8   0,3   0,3   1,8   9,4   13:21     Z
14  15,6  22,9   15:06   5,8   04:58   3,6   1,7   0,0   1,5   7,8   17:14   VSV
15  18,4  27,8   17:10   7,0   04:56   2,8   3,8   0,0   0,7   5,8   10:55   JJZ
16  22,6  29,7   16:46  13,8   02:16   0,7   5,8   0,0   1,5   7,3   10:26    SV
17  23,8  31,2   17:55  15,0   05:33   0,2   6,5   0,0   1,8   7,3   15:34   VJV
18  23,6  31,6   16:16  14,6   04:37   0,6   6,7   0,0   1,9   8,5   10:58    JV
19  25,1  33,2   16:57  16,2   01:13   0,1   7,7   0,0   1,3   6,5   04:42     S
20  25,6  33,6   15:50  16,3   04:56   0,1   8,1   0,0   1,3   6,5   11:50   JJV
21  23,4  31,4   13:10  17,4   23:55   0,0   5,9  28,5   1,8  10,6   16:31   VJV
22  22,9  29,5   17:36  17,3   01:16   0,0   5,4   8,7   1,8   7,8   06:14    JZ
23  22,1  26,5   17:40  19,0   06:34   0,0   4,6   0,3   2,6   9,8   20:56     V
24  23,8  31,8   16:05  18,9   05:21   0,0   6,3   6,0   1,9   9,8   03:16   VSV
25  22,0  27,6   15:52  16,8   05:30   0,0   4,5   3,0   1,7   9,8   00:19   ZSZ
26  20,5  25,9   17:25  14,8   04:41   0,4   3,4   0,3   1,0   5,8   11:16    SV
27  21,4  28,6   15:56  14,5   04:08   0,6   4,5   0,0   1,3   6,5   11:46   VSV
28  23,3  29,2   17:05  15,6   05:38   0,1   5,9   0,0   2,1   6,5   10:50   SSV
29  24,6  30,4   16:12  17,4   23:57   0,0   7,1   7,5   2,9  11,0   23:18     S
30  20,0  26,8   16:33  15,4   04:38   0,4   2,9   1,3   1,8   9,4   20:29   ZJZ
----------------------------------------------------------------------------------
    20,7  33,6    20     4,1     1    34,0 129,9  62,8   1,5  13,1    12     VSV

Max >=  27,0: 20
Max <=   0,0:  0
Min <=   0,0:  0
Min <= -18,0:  0
Max Rain: 28,5 on day 21
Days of Rain: 8 (>= 0,4 mm)  7 (>= 2,0 mm)  1 (>= 20,0 mm)
Heat Base: 17,5  Cool Base: 17,5  Method: Integration



Poslední aktualizace 28.10.2021 15:30:01

Měšíční a roční statistické protokoly ve fromátu NOAA (National Oceanic and Atmospheric Administration)
Original Author: Ken True webmaster@saratoga-weather.org.
Bodged by beteljuice.